{"id":21,"date":"2025-11-09T10:56:39","date_gmt":"2025-11-09T10:56:39","guid":{"rendered":"https:\/\/mauritiusevents.hu\/?page_id=21"},"modified":"2025-11-14T14:20:18","modified_gmt":"2025-11-14T14:20:18","slug":"kosar","status":"publish","type":"page","link":"https:\/\/mauritiusevents.hu\/?page_id=21","title":{"rendered":"Kos\u00e1r"},"content":{"rendered":"\n<div data-block-name=\"woocommerce\/cart\" class=\"wp-block-woocommerce-cart alignwide is-loading\">\n<div data-block-name=\"woocommerce\/filled-cart-block\" class=\"wp-block-woocommerce-filled-cart-block\">\n<div data-block-name=\"woocommerce\/cart-items-block\" class=\"wp-block-woocommerce-cart-items-block\">\n<div data-block-name=\"woocommerce\/cart-line-items-block\" class=\"wp-block-woocommerce-cart-line-items-block\"><\/div>\n\n\n<\/div>\n\n\n\n\n<div data-block-name=\"woocommerce\/cart-totals-block\" class=\"wp-block-woocommerce-cart-totals-block\">\n<div data-block-name=\"woocommerce\/cart-order-summary-block\" class=\"wp-block-woocommerce-cart-order-summary-block\">\n<div data-block-name=\"woocommerce\/cart-order-summary-heading-block\" class=\"wp-block-woocommerce-cart-order-summary-heading-block\"><\/div><div data-block-name=\"woocommerce\/cart-order-summary-coupon-form-block\" class=\"wp-block-woocommerce-cart-order-summary-coupon-form-block\"><\/div><div data-block-name=\"woocommerce\/cart-order-summary-totals-block\" class=\"wp-block-woocommerce-cart-order-summary-totals-block\">\n<div data-block-name=\"woocommerce\/cart-order-summary-subtotal-block\" class=\"wp-block-woocommerce-cart-order-summary-subtotal-block\"><\/div>\n<div data-block-name=\"woocommerce\/cart-order-summary-discount-block\" class=\"wp-block-woocommerce-cart-order-summary-discount-block\"><\/div>\n<div data-block-name=\"woocommerce\/cart-order-summary-fee-block\" class=\"wp-block-woocommerce-cart-order-summary-fee-block\"><\/div>\n<div data-block-name=\"woocommerce\/cart-order-summary-shipping-block\" class=\"wp-block-woocommerce-cart-order-summary-shipping-block\"><\/div>\n<div data-block-name=\"woocommerce\/cart-order-summary-taxes-block\" class=\"wp-block-woocommerce-cart-order-summary-taxes-block\"><\/div><\/div>\n<\/div>\n\n\n\n<div data-block-name=\"woocommerce\/cart-express-payment-block\" class=\"wp-block-woocommerce-cart-express-payment-block\"><\/div>\n\n\n\n<div data-block-name=\"woocommerce\/proceed-to-checkout-block\" class=\"wp-block-woocommerce-proceed-to-checkout-block\"><\/div>\n\n\n\n<div data-block-name=\"woocommerce\/cart-accepted-payment-methods-block\" class=\"wp-block-woocommerce-cart-accepted-payment-methods-block\"><\/div>\n<\/div>\n<\/div>\n\n\n\n<div data-block-name=\"woocommerce\/empty-cart-block\" class=\"wp-block-woocommerce-empty-cart-block\">\n<h2 class=\"wp-block-heading has-text-align-center with-empty-cart-icon wc-block-cart__empty-cart__title\">Jelenleg \u00fcres a kosarad.<\/h2>\n\n\n\n<hr class=\"wp-block-separator has-alpha-channel-opacity is-style-dots\"\/>\n\n\n\n<h2 class=\"wp-block-heading has-text-align-center\">\u00dajdons\u00e1gok<\/h2>\n\n\n<div data-block-name=\"woocommerce\/product-new\" data-columns=\"4\" data-rows=\"1\" class=\"wc-block-grid wp-block-product-new wp-block-woocommerce-product-new wc-block-product-new has-4-columns\"><ul class=\"wc-block-grid__products\"><li class=\"wc-block-grid__product\">\n\t\t\t\t<a href=\"https:\/\/mauritiusevents.hu\/?product=helikopteres-elmenyrepules-mauritius\" class=\"wc-block-grid__product-link\">\n\t\t\t\t\t\n\t\t\t\t\t<div class=\"wc-block-grid__product-image\"><img fetchpriority=\"high\" decoding=\"async\" width=\"300\" height=\"300\" src=\"https:\/\/mauritiusevents.hu\/wp-content\/uploads\/2026\/02\/helikopter-mauritius-300x300.jpg\" class=\"attachment-woocommerce_thumbnail size-woocommerce_thumbnail\" alt=\"helikopterez\u00e9s mauritiuson\" srcset=\"https:\/\/mauritiusevents.hu\/wp-content\/uploads\/2026\/02\/helikopter-mauritius-300x300.jpg 300w, https:\/\/mauritiusevents.hu\/wp-content\/uploads\/2026\/02\/helikopter-mauritius-150x150.jpg 150w, https:\/\/mauritiusevents.hu\/wp-content\/uploads\/2026\/02\/helikopter-mauritius-100x100.jpg 100w\" sizes=\"(max-width: 300px) 100vw, 300px\" \/><\/div>\n\t\t\t\t\t<div class=\"wc-block-grid__product-title\">Helikopteres \u00e9lm\u00e9nyrep\u00fcl\u00e9s \u2013 V\u00edz alatti v\u00edzes\u00e9s, dr\u00e1mai hegycs\u00facsok \u00e9s a v\u00e9gtelen \u00f3ce\u00e1n fentr\u0151l<\/div>\n\t\t\t\t<\/a>\n\t\t\t\t<div class=\"wc-block-grid__product-price price\"><span class=\"woocommerce-Price-amount amount\">0,00&nbsp;<span class=\"woocommerce-Price-currencySymbol\">&#070;&#116;<\/span><\/span><\/div>\n\t\t\t\t\n\t\t\t\t<div class=\"wp-block-button wc-block-grid__product-add-to-cart\"><a href=\"\/index.php?rest_route=%2Fwp%2Fv2%2Fpages%2F21&#038;add-to-cart=581\" aria-label=\"Kos\u00e1rba: &ldquo;Helikopteres \u00e9lm\u00e9nyrep\u00fcl\u00e9s \u2013 V\u00edz alatti v\u00edzes\u00e9s, dr\u00e1mai hegycs\u00facsok \u00e9s a v\u00e9gtelen \u00f3ce\u00e1n fentr\u0151l&rdquo;\" data-quantity=\"1\" data-product_id=\"581\" data-product_sku=\"\" data-price=\"0\" rel=\"nofollow\" class=\"wp-block-button__link  add_to_cart_button ajax_add_to_cart\">Kos\u00e1rba teszem<\/a><\/div>\n\t\t\t<\/li><li class=\"wc-block-grid__product\">\n\t\t\t\t<a href=\"https:\/\/mauritiusevents.hu\/?product=balnales-mauritiuson-az-ocean-oriasai\" class=\"wc-block-grid__product-link\">\n\t\t\t\t\t\n\t\t\t\t\t<div class=\"wc-block-grid__product-image\"><img decoding=\"async\" width=\"300\" height=\"300\" src=\"https:\/\/mauritiusevents.hu\/wp-content\/uploads\/2026\/01\/Screenshot-2026-01-31-160644-300x300.png\" class=\"attachment-woocommerce_thumbnail size-woocommerce_thumbnail\" alt=\"b\u00e1lnales mauritiuson\" srcset=\"https:\/\/mauritiusevents.hu\/wp-content\/uploads\/2026\/01\/Screenshot-2026-01-31-160644-300x300.png 300w, https:\/\/mauritiusevents.hu\/wp-content\/uploads\/2026\/01\/Screenshot-2026-01-31-160644-150x150.png 150w, https:\/\/mauritiusevents.hu\/wp-content\/uploads\/2026\/01\/Screenshot-2026-01-31-160644-100x100.png 100w\" sizes=\"(max-width: 300px) 100vw, 300px\" \/><\/div>\n\t\t\t\t\t<div class=\"wc-block-grid__product-title\">B\u00e1lnales \u2013 Csendes tal\u00e1lkoz\u00e1s az \u00f3ce\u00e1n \u00f3ri\u00e1saival<\/div>\n\t\t\t\t<\/a>\n\t\t\t\t<div class=\"wc-block-grid__product-price price\"><span class=\"woocommerce-Price-amount amount\">0,00&nbsp;<span class=\"woocommerce-Price-currencySymbol\">&#070;&#116;<\/span><\/span><\/div>\n\t\t\t\t\n\t\t\t\t<div class=\"wp-block-button wc-block-grid__product-add-to-cart\"><a href=\"\/index.php?rest_route=%2Fwp%2Fv2%2Fpages%2F21&#038;add-to-cart=567\" aria-label=\"Kos\u00e1rba: &ldquo;B\u00e1lnales \u2013 Csendes tal\u00e1lkoz\u00e1s az \u00f3ce\u00e1n \u00f3ri\u00e1saival&rdquo;\" data-quantity=\"1\" data-product_id=\"567\" data-product_sku=\"\" data-price=\"0\" rel=\"nofollow\" class=\"wp-block-button__link  add_to_cart_button ajax_add_to_cart\">Kos\u00e1rba teszem<\/a><\/div>\n\t\t\t<\/li><li class=\"wc-block-grid__product\">\n\t\t\t\t<a href=\"https:\/\/mauritiusevents.hu\/?product=big-game-fishing-melyvizi-horgaszat-mauritius\" class=\"wc-block-grid__product-link\">\n\t\t\t\t\t\n\t\t\t\t\t<div class=\"wc-block-grid__product-image\"><img decoding=\"async\" width=\"300\" height=\"300\" src=\"https:\/\/mauritiusevents.hu\/wp-content\/uploads\/2026\/01\/Screenshot-2026-01-30-175805-300x300.png\" class=\"attachment-woocommerce_thumbnail size-woocommerce_thumbnail\" alt=\"big game fishing m\u00e9lytengeri horg\u00e1szat mauritius\" srcset=\"https:\/\/mauritiusevents.hu\/wp-content\/uploads\/2026\/01\/Screenshot-2026-01-30-175805-300x300.png 300w, https:\/\/mauritiusevents.hu\/wp-content\/uploads\/2026\/01\/Screenshot-2026-01-30-175805-150x150.png 150w, https:\/\/mauritiusevents.hu\/wp-content\/uploads\/2026\/01\/Screenshot-2026-01-30-175805-600x600.png 600w, https:\/\/mauritiusevents.hu\/wp-content\/uploads\/2026\/01\/Screenshot-2026-01-30-175805-100x100.png 100w\" sizes=\"(max-width: 300px) 100vw, 300px\" \/><\/div>\n\t\t\t\t\t<div class=\"wc-block-grid__product-title\">Big Game Fishing \u2013 m\u00e9lyv\u00edzi horg\u00e1szat Mauritius krist\u00e1lytiszta viz\u00e9n<\/div>\n\t\t\t\t<\/a>\n\t\t\t\t<div class=\"wc-block-grid__product-price price\"><span class=\"woocommerce-Price-amount amount\">0,00&nbsp;<span class=\"woocommerce-Price-currencySymbol\">&#070;&#116;<\/span><\/span><\/div>\n\t\t\t\t\n\t\t\t\t<div class=\"wp-block-button wc-block-grid__product-add-to-cart\"><a href=\"\/index.php?rest_route=%2Fwp%2Fv2%2Fpages%2F21&#038;add-to-cart=553\" aria-label=\"Kos\u00e1rba: &ldquo;Big Game Fishing \u2013 m\u00e9lyv\u00edzi horg\u00e1szat Mauritius krist\u00e1lytiszta viz\u00e9n&rdquo;\" data-quantity=\"1\" data-product_id=\"553\" data-product_sku=\"\" data-price=\"0\" rel=\"nofollow\" class=\"wp-block-button__link  add_to_cart_button ajax_add_to_cart\">Kos\u00e1rba teszem<\/a><\/div>\n\t\t\t<\/li><li class=\"wc-block-grid__product\">\n\t\t\t\t<a href=\"https:\/\/mauritiusevents.hu\/?product=hidroplanos-repules-mauritius\" class=\"wc-block-grid__product-link\">\n\t\t\t\t\t\n\t\t\t\t\t<div class=\"wc-block-grid__product-image\"><img loading=\"lazy\" decoding=\"async\" width=\"300\" height=\"300\" src=\"https:\/\/mauritiusevents.hu\/wp-content\/uploads\/2026\/01\/622511518_122153844386885901_7501775428953925762_n-300x300.jpg\" class=\"attachment-woocommerce_thumbnail size-woocommerce_thumbnail\" alt=\"hidropl\u00e1n v\u00edz alatti v\u00edzes\u00e9s Mauritius\" srcset=\"https:\/\/mauritiusevents.hu\/wp-content\/uploads\/2026\/01\/622511518_122153844386885901_7501775428953925762_n-300x300.jpg 300w, https:\/\/mauritiusevents.hu\/wp-content\/uploads\/2026\/01\/622511518_122153844386885901_7501775428953925762_n-150x150.jpg 150w, https:\/\/mauritiusevents.hu\/wp-content\/uploads\/2026\/01\/622511518_122153844386885901_7501775428953925762_n-600x600.jpg 600w, https:\/\/mauritiusevents.hu\/wp-content\/uploads\/2026\/01\/622511518_122153844386885901_7501775428953925762_n-100x100.jpg 100w\" sizes=\"(max-width: 300px) 100vw, 300px\" \/><\/div>\n\t\t\t\t\t<div class=\"wc-block-grid__product-title\">Hidropl\u00e1nos rep\u00fcl\u00e9s \u2013 L\u00e9legzetel\u00e1ll\u00edt\u00f3 \u00e9lm\u00e9ny, fedezd fel Mauritiust mad\u00e1rt\u00e1vlatb\u00f3l!<\/div>\n\t\t\t\t<\/a>\n\t\t\t\t<div class=\"wc-block-grid__product-price price\"><span class=\"woocommerce-Price-amount amount\">0,00&nbsp;<span class=\"woocommerce-Price-currencySymbol\">&#070;&#116;<\/span><\/span><\/div>\n\t\t\t\t\n\t\t\t\t<div class=\"wp-block-button wc-block-grid__product-add-to-cart\"><a href=\"\/index.php?rest_route=%2Fwp%2Fv2%2Fpages%2F21&#038;add-to-cart=548\" aria-label=\"Kos\u00e1rba: &ldquo;Hidropl\u00e1nos rep\u00fcl\u00e9s \u2013 L\u00e9legzetel\u00e1ll\u00edt\u00f3 \u00e9lm\u00e9ny, fedezd fel Mauritiust mad\u00e1rt\u00e1vlatb\u00f3l!&rdquo;\" data-quantity=\"1\" data-product_id=\"548\" data-product_sku=\"\" data-price=\"0\" rel=\"nofollow\" class=\"wp-block-button__link  add_to_cart_button ajax_add_to_cart\">Kos\u00e1rba teszem<\/a><\/div>\n\t\t\t<\/li><\/ul><\/div><\/div>\n<\/div>\n","protected":false},"excerpt":{"rendered":"","protected":false},"author":1,"featured_media":0,"parent":0,"menu_order":0,"comment_status":"closed","ping_status":"closed","template":"","meta":{"_regular_price":[],"currency_symbol":[],"footnotes":""},"class_list":["post-21","page","type-page","status-publish","hentry"],"post_slider_layout_featured_media_urls":{"thumbnail":"","post_slider_layout_landscape_large":"","post_slider_layout_portrait_large":"","post_slider_layout_square_large":"","post_slider_layout_landscape":"","post_slider_layout_portrait":"","post_slider_layout_square":"","full":""},"_links":{"self":[{"href":"https:\/\/mauritiusevents.hu\/index.php?rest_route=\/wp\/v2\/pages\/21","targetHints":{"allow":["GET"]}}],"collection":[{"href":"https:\/\/mauritiusevents.hu\/index.php?rest_route=\/wp\/v2\/pages"}],"about":[{"href":"https:\/\/mauritiusevents.hu\/index.php?rest_route=\/wp\/v2\/types\/page"}],"author":[{"embeddable":true,"href":"https:\/\/mauritiusevents.hu\/index.php?rest_route=\/wp\/v2\/users\/1"}],"replies":[{"embeddable":true,"href":"https:\/\/mauritiusevents.hu\/index.php?rest_route=%2Fwp%2Fv2%2Fcomments&post=21"}],"version-history":[{"count":1,"href":"https:\/\/mauritiusevents.hu\/index.php?rest_route=\/wp\/v2\/pages\/21\/revisions"}],"predecessor-version":[{"id":338,"href":"https:\/\/mauritiusevents.hu\/index.php?rest_route=\/wp\/v2\/pages\/21\/revisions\/338"}],"wp:attachment":[{"href":"https:\/\/mauritiusevents.hu\/index.php?rest_route=%2Fwp%2Fv2%2Fmedia&parent=21"}],"curies":[{"name":"wp","href":"https:\/\/api.w.org\/{rel}","templated":true}]}}